Let l = -2 - -3. Suppose f + l = w. What is the units digit of f?
6
Let x be (-1)/(2/4 + 0). Let f(h) = -h**2 - h + 7. Let z be f(0). What is the units digit of (x - (2 - z)) + 0?
3
Suppose 0*c - 12 = 2*c. Let s be 3/c - (-22)/4. Suppose p + 55 = 3*v, -42 = -s*v + 3*p + 43. What is the units digit of v?
0
Let w = 4 - 4. Suppose w = -4*z + 5*t - 2 - 21, 0 = 4*z - 2*t + 14. What is the units digit of (1 + z)/(-1)*2?
2
Let x = 7 - 4. Let p be ((-3)/(-2))/(x/6). Suppose 3*v + q - 2*q - 20 = 0, p*v = -4*q - 5. What is the units digit of v?
5
Let q be (-15)/(-6)*(-12)/(-2). Suppose 0 = -10*g + 5*g + q. Suppose -g*z + 7 = -2. What is the units digit of z?
3
Let z(m) = 9*m - 2*m**2 + 4*m**2 - m**3 - 3*m**2 - 7*m. What is the tens digit of z(-3)?
1
Suppose -5*t - 6 = -5*d + 4, -4*t + 3*d - 10 = 0. What is the units digit of (10/t)/((-2)/36)?
5
What is the units digit of 29 - (-3)/6*-4?
7
Let g = 1 + -19. Let o = 5 - 16. Let n = o - g. What is the units digit of n?
7
Suppose -b = -3*b + 6. Suppose 0 = b*v + 18 - 129. What is the units digit of v?
7
Let j(z) = z**2 - 6*z - 10. Let t = 10 - 3. Let l be j(t). What is the units digit of (-2 - (l + 2))*-7?
7
Let w(k) = 13*k**2 - k + 8. What is the units digit of w(-3)?
8
Let i(t) = t**3 - 7*t**2 + 8*t - 4. Let c be 8 + 0 + (7 - 9). What is the units digit of i(c)?
8
Suppose -4*q + 40 = -2*k + 200, 0 = -3*q + 12. What is the units digit of k?
8
Suppose 2*q - 95 = -3*m - 18, 2*q = -4*m + 102. What is the tens digit of m?
2
Suppose -4*l + 324 = -0*l. What is the units digit of l?
1
Let v(k) = -4 + k**3 + 6 - 10*k + 9*k**2 + 1. Let a be v(-10). Suppose a = 5*o - 2. What is the units digit of o?
1
Suppose 4*c = 5 + 11. Suppose c*g + 2*u + 62 = 2*g, -2*g = -4*u + 38. Let s = -18 - g. What is the units digit of s?
9
Let k = -13 + 7. What is the units digit of 11 - k/(-3)*1?
9
Suppose -4*w - 99 = -31. Let g = -18 + 9. Let h = g - w. What is the units digit of h?
8
Suppose -2*n = -7*n + 2*z + 137, 120 = 4*n + z. What is the tens digit of n?
2
Suppose 9*o = 5*o + 20. Suppose -g - 2*g + 3*w = -57, -109 = -o*g - 2*w. What is the tens digit of g?
2
Let c(h) be the first derivative of h**6/120 + h**5/30 + h**4/12 + h**3 + 3. Let q(z) be the third derivative of c(z). What is the units digit of q(-2)?
6
Let n(a) = -4*a. Let k(j) = 21*j + 1. Let q(p) = 2*k(p) + 11*n(p). What is the units digit of q(-2)?
6
Let m(c) = c**2 - 7*c + 6. Let k be ((-6)/5)/((-2)/10). Let f be m(k). What is the units digit of 10/4*(f - -2)?
5
Let w(l) = l**3 + 5*l**2 - 8*l - 3. Let h be w(-6). Let k(t) = t**2 + 8*t + 8. Let r be k(-7). Let o = h - r. What is the units digit of o?
8
Let q be 1 + (-3)/(-3) + 2. Suppose -4*f + 2*y + 88 = -0*y, -f + q*y = -36. What is the units digit of f?
0
Let c(d) = -d**2 + 6*d - 3. Let w be c(5). Let q(r) = -r**3 + 8*r**2 + 9*r + 3. Let n be q(9). Suppose w*a + 4 = n*a. What is the units digit of a?
4
Let m(z) = -z**2 - 6*z - 2. Let s be m(-6). Let u = s - 5. Let d(i) = i**3 + 7*i**2 + i + 8. What is the units digit of d(u)?
1
Let l = 2 - 57. What is the units digit of 10/l + (-57)/(-11)?
5
Suppose -5*q - 7 + 17 = 0. Let a be (-4)/2 + (q - 4). Let c = a - -5. What is the units digit of c?
1
Let h(s) = s**3 - 2. Let d(o) = -o + 7. Let v be d(7). Let j be h(v). Let c(p) = -3*p - 3. What is the units digit of c(j)?
3
Suppose -4 = -5*j + 31. Let w(n) = -2*n**3 + 7*n**2 - n - 4. Let q(r) = r**3. Let x(m) = -q(m) - w(m). What is the tens digit of x(j)?
1
Let x(w) = -3*w + 1 + 11 - 1 + w**2 - 4*w. What is the units digit of x(5)?
1
Let f(z) = -22*z**2 - z + 1. Let q be f(1). Let i = -26 + 15. Let r = i - q. What is the tens digit of r?
1
Suppose 0 = -4*o + 2*j + 30, 35 = 3*o + 2*j - 6*j. Suppose l - 14 = 2*r, o*l - 2*r = r + 77. What is the units digit of l?
6
Suppose 5*w - 4*w = 0. Let r(o) = o**3 - o**2 - o - 1. Let c be r(w). What is the units digit of 1 - (c + 2)/(-1)?
2
Let g(y) = 7*y**2 + 49*y - 3. What is the units digit of g(-11)?
5
What is the units digit of 1 + (9/(-6) - (-1230)/4)?
7
Let b(j) = j**3 + 2*j. Let p be b(-2). Let x = -9 - p. What is the units digit of x?
3
Suppose 5*c + 271 = v, 2*v - 398 - 89 = -c. What is the tens digit of v?
4
Suppose -3*t + 91 = 4*m, -3*t - 48 = -3*m - 6. What is the units digit of m?
9
Let s be 2 - (3/3 + -2). Suppose 4 = g, 2*g = 5*u - s*g. Suppose u*n - 5*v - 28 = 17, -3*n = v - 10. What is the units digit of n?
5
Suppose -j + 27 - 6 = p, 4*j = 2*p - 12. What is the tens digit of p?
1
Let q = 9 - 5. Let o = q + -1. What is the units digit of o?
3
Let d(w) = -w**3 - 5*w**2 - 4*w + 3. Suppose -x = -4*b - 0*x - 23, -4*x - 3 = 3*b. What is the tens digit of d(b)?
2
Let k(s) = 29*s**2 + 8*s. What is the hundreds digit of k(-3)?
2
Let b = 9 + -9. Let p be 2 - 4 - (b + -1). What is the units digit of (p + 0)*13*-1?
3
Let z(o) = o**2 - 5*o + 2. Let k be z(3). What is the units digit of 9/36 + (-11)/k?
3
Let l = -1 - -4. Let i = 6 - l. What is the units digit of i?
3
Let y be -1 - 1 - -2*9. Suppose z + z = y. Let l(j) = -j**3 + 7*j**2 + 8*j + 6. What is the units digit of l(z)?
6
Let u(m) = m**2 - 8*m + 4. Let q be u(8). What is the units digit of (-2)/3*(-72)/q?
2
Let w = 5 + -1. Let h(r) = -r**2 + 2*r - 6. Let j be h(w). Let f = 28 + j. What is the tens digit of f?
1
Let f(x) = -x**3 + 8*x**2 - x + 9. Let y be f(8). Suppose 0 = w - 4 - y. What is the units digit of w?
5
Suppose 5*u - 18 = 47. What is the tens digit of u?
1
Suppose -3*a - 3 = 0, 0 = 3*n + 5*a - 164 - 38. What is the units digit of n?
9
Suppose -h + 3*l = -316, -h - l = -3*l - 318. What is the units digit of h?
2
Suppose 3*s + 2*v - 581 = 0, 2*s + 4*v = 299 + 75. What is the hundreds digit of s?
1
Let o be 334/22 + (-18)/99. Suppose 4*p - 3*s = -4*s + o, 0 = 4*s + 20. What is the units digit of p?
5
What is the tens digit of 3 - (-7)/(28/96)?
2
Let a be (16/2)/(2*1). Suppose 0 = 3*s, 3*s + 8 = 4*w + s. Suppose 0 = -w*p + a*p - 14. What is the units digit of p?
7
Let z(l) = l**2 - 1. Let d be z(0). Let g = 3 + d. Suppose 4*k - k = 5*x - 26, 20 = 4*x - g*k. What is the units digit of x?
4
Let u(g) = g + 4. Suppose -4*f - f = 0. Let p be u(f). What is the units digit of (6/p)/((-9)/(-24))?
4
Suppose -432 = -3*w + p + 2*p, -5*p + 10 = 0. What is the hundreds digit of w?
1
Suppose -125 + 846 = s. What is the units digit of s/35 - (-2)/5?
1
Let t(b) = b**3 + 8*b**2 - 10*b - 8. Let s be -2 + (6/3)/1. Suppose g + 0 + 9 = s. What is the units digit of t(g)?
1
Let l(x) = -x**3 + 11*x**2 - 7*x + 11. Let c be l(5). Suppose 3*g - 5*f = 111, -3*g - f = 33 - c. What is the tens digit of g?
3
Let q be ((-6)/(-15))/(1/5). Suppose -q*k = -8*k + 162. What is the tens digit of k?
2
Let p(v) = v**3 + 2*v**2 + 2*v + 1. Let b be p(-1). Suppose -x + 2*x + 10 = -3*j, 3*x - j + 10 = b. Let r(z) = z**2 + z - 1. What is the tens digit of r(x)?
1
Let t = 8 + -5. Let v be (-32)/t + (-12)/(-18). What is the units digit of 2/(-1)*v/4?
5
Let h(d) = 2*d - 2. Let n be h(4). Let k(u) = 5*u**2 + u**3 - 5 + 1 - 2*u + 6 + n*u. What is the units digit of k(-4)?
2
Suppose 3*s - 91 = -7. Suppose -3*o + 11 = q, 6*q = -4*o + 2*q + s. What is the units digit of o?
2
What is the tens digit of -60*(42/(-9) + 4)?
4
Let s(l) be the first derivative of 2*l**3 + 3*l**2/2 - l - 4. What is the tens digit of s(-3)?
4
Suppose 0 = -2*z + 4*z + 54. Let n = z - -19. Let t = 0 - n. What is the units digit of t?
8
Let k be (-10)/(-4 - (-4 + 2)). Suppose 3*v + 12 = -4*p + p, -k*p = -2*v + 20. Let i = 1 + v. What is the units digit of i?
1
Let p(h) = 30*h - 22. What is the hundreds digit of p(5)?
1
Suppose -u = -4*k + 3*u - 4, 2*u - 8 = 0. Let v(h) = -h. Let n(q) = -q**2 - 4*q + 1. Let a(l) = -n(l) + 4*v(l). What is the units digit of a(k)?
8
Let f = -19 + 29. Suppose 2*v - f = 2. What is the units digit of v?
6
Let o = -5 - -5. Let j(i) = -i**2 - 6*i + 1. Let f be j(-6). What is the units digit of 9 + (-1 + f - o)?
9
Let k be (-2)/5 + 366/(-10). Let u = -7 - k. What is the units digit of u?
0
Suppose 11 - 29 = -y. What is the tens digit of y?
1
Let a(o) = o**2 - 3*o + 1. Let q be a(4). Suppose b - 3*f - 9 = 0, -q*f - 32 + 10 = -4*b. Suppose 0 + b = x. What is the units digit of x?
3
Let r = 0 + -4. Let t be (-4)/3 - 40/(-3). Let q = t + r. What is the units digit of q?
8
L